 the remainder when 870 is divided by 190?
110
What is the remainder when 2150 is divided by 45?
35
Calculate the remainder when 71 is divided by 18.
17
What is the remainder when 150 is divided by 13?
7
What is the remainder when 101 is divided by 46?
9
What is the remainder when 196 is divided by 71?
54
What is the remainder when 352 is divided by 132?
88
What is the remainder when 699 is divided by 87?
3
What is the remainder when 170 is divided by 44?
38
What is the remainder when 167 is divided by 5?
2
Calculate the remainder when 98 is divided by 55.
43
Calculate the remainder when 2615 is divided by 856.
47
What is the remainder when 4366 is divided by 109?
6
What is the remainder when 202 is divided by 26?
20
What is the remainder when 443 is divided by 14?
9
What is the remainder when 33 is divided by 10?
3
What is the remainder when 418 is divided by 70?
68
What is the remainder when 180 is divided by 66?
48
Calculate the remainder when 80 is divided by 14.
10
Calculate the remainder when 185 is divided by 62.
61
Calculate the remainder when 4025 is divided by 446.
11
Calculate the remainder when 53 is divided by 8.
5
Calculate the remainder when 9919 is divided by 121.
118
Calculate the remainder when 2747 is divided by 110.
107
What is the remainder when 115 is divided by 22?
5
What is the remainder when 109 is divided by 30?
19
What is the remainder when 528 is divided by 105?
3
Calculate the remainder when 759 is divided by 738.
21
Calculate the remainder when 206 is divided by 23.
22
Calculate the remainder when 726 is divided by 36.
6
What is the remainder when 7097 is divided by 2359?
20
What is the remainder when 522 is divided by 178?
166
What is the remainder when 244 is divided by 11?
2
What is the remainder when 662 is divided by 17?
16
Calculate the remainder when 86 is divided by 11.
9
What is the remainder when 127 is divided by 22?
17
What is the remainder when 7710 is divided by 32?
30
What is the remainder when 135 is divided by 30?
15
What is the remainder when 9927 is divided by 108?
99
Calculate the remainder when 1064 is divided by 41.
39
Calculate the remainder when 34 is divided by 7.
6
What is the remainder when 146 is divided by 133?
13
Calculate the remainder when 97 is divided by 31.
4
What is the remainder when 235 is divided by 84?
67
Calculate the remainder when 961 is divided by 228.
49
What is the remainder when 1594 is divided by 19?
17
Calculate the remainder when 234 is divided by 39.
0
What is the remainder when 110 is divided by 57?
53
What is the remainder when 4060 is divided by 107?
101
Calculate the remainder when 61 is divided by 39.
22
Calculate the remainder when 69 is divided by 14.
13
What is the remainder when 115 is divided by 66?
49
Calculate the remainder when 1432 is divided by 12.
4
What is the remainder when 113 is divided by 57?
56
What is the remainder when 1635 is divided by 273?
270
What is the remainder when 61 is divided by 9?
7
What is the remainder when 121 is divided by 41?
39
What is the remainder when 26485 is divided by 11?
8
Calculate the remainder when 8178 is divided by 264.
258
Calculate the remainder when 42 is divided by 4.
2
Calculate the remainder when 346 is divided by 297.
49
Calculate the remainder when 55 is divided by 9.
1
Calculate the remainder when 12954 is divided by 135.
129
What is the remainder when 602 is divided by 67?
66
What is the remainder when 1326 is divided by 95?
91
Calculate the remainder when 105 is divided by 5.
0
Calculate the remainder when 73 is divided by 41.
32
What is the remainder when 2534 is divided by 47?
43
Calculate the remainder when 2831 is divided by 26.
23
What is the remainder when 194 is divided by 39?
38
Calculate the remainder when 141 is divided by 38.
27
Calculate the remainder when 701 is divided by 11.
8
Calculate the remainder when 1088 is divided by 33.
32
Calculate the remainder when 563 is divided by 95.
88
Calculate the remainder when 500 is divided by 218.
64
Calculate the remainder when 60 is divided by 11.
5
What is the remainder when 107 is divided by 12?
11
Calculate the remainder when 1706 is divided by 848.
10
What is the remainder when 584 is divided by 568?
16
Calculate the remainder when 1115 is divided by 34.
27
Calculate the remainder when 287 is divided by 72.
71
Calculate the remainder when 26 is divided by 10.
6
Calculate the remainder when 6269 is divided by 98.
95
What is the remainder when 99 is divided by 65?
34
Calculate the remainder when 596 is divided by 450.
146
Calculate the remainder when 1123 is divided by 29.
21
What is the remainder when 2753 is divided by 153?
152
Calculate the remainder when 198 is divided by 12.
6
Calculate the remainder when 801 is divided by 82.
63
What is the remainder when 164 is divided by 89?
75
What is the remainder when 548 is divided by 141?
125
Calculate the remainder when 405 is divided by 202.
1
Calculate the remainder when 391 is divided by 44.
39
What is the remainder when 12269 is divided by 30?
29
What is the remainder when 189 is divided by 69?
51
What is the remainder when 370 is divided by 12?
10
What is the remainder when 20294 is divided by 55?
54
Calculate the remainder when 5588 is divided by 207.
206
What is the remainder when 123 is divided by 64?
59
What is the remainder when 1560 is divided by 196?
188
What is the remainder when 423 is divided by 53?
52
What is the remainder when 1228 is divided by 81?
13
What is the remainder when 1211 is divided by 32?
27
What is the remainder when 137 is divided by 5?
2
What is the remainder when 403 is divided by 99?
7
Calculate the remainder when 4762 is divided by 53.
45
What is the remainder when 1957 is divided by 8?
5
Calculate the remainder when 277 is divided by 52.
17
Calculate the remainder when 3936 is divided by 394.
390
What is the remainder when 588 is divided by 118?
116
Calculate the remainder when 101 is divided by 37.
27
What is the remainder when 446 is divided by 16?
14
What is the remainder when 240 is divided by 50?
40
Calculate the remainder when 1029 is divided by 61.
53
Calculate the remainder when 720 is divided by 168.
48
Calculate the remainder when 337 is divided by 47.
8
What is the remainder when 53 is divided by 7?
4
What is the remainder when 24 is divided by 8?
0
What is the remainder when 5017 is divided by 1002?
7
What is the remainder when 162 is divided by 33?
30
Calculate the remainder when 424 is divided by 87.
76
What is the remainder when 1415 is divided by 177?
176
What is the remainder when 15 is divided by 9?
6
Calculate the remainder when 10260 is divided by 1.
0
What is the remainder when 70 is divided by 29?
12
Calculate the remainder when 420 is divided by 102.
12
What is the remainder when 475 is divided by 134?
73
Calculate the remainder when 604 is divided by 194.
22
What is the remainder when 103 is divided by 55?
48
What is the remainder when 1292 is divided by 72?
68
Calculate the remainder when 410 is divided by 191.
28
Calculate the remainder when 135 is divided by 68.
67
Calculate the remainder when 2134 is divided by 37.
25
What is the remainder when 61 is divided by 28?
5
What is the remainder when 229 is divided by 47?
41
Calculate the remainder when 164 is divided by 90.
74
What is the remainder when 188 is divided by 67?
54
What is the remainder when 14349 is divided by 50?
49
Calculate the remainder when 521 is divided by 5.
1
Calculate the remainder when 412 is divided by 16.
12
What is the remainder when 815 is divided by 63?
59
Calculate the remainder when 2312 is divided by 52.
24
What is the remainder when 3593 is divided by 257?
252
Calculate the remainder when 336 is divided by 26.
24
Calculate the remainder when 57 is divided by 37.
20
What is the remainder when 168 is divided by 12?
0
What is the remainder when 314 is divided by 21?
20
Calculate the remainder when 649 is divided by 157.
21
What is the remainder when 2252 is divided by 466?
388
Calculate the remainder when 578 is divided by 259.
60
Calculate the remainder when 1105 is divided by 93.
82
What is the remainder when 439 is divided by 10?
9
Calculate the remainder when 423 is divided by 137.
12
Calculate the remainder when 206 is divided by 42.
38
What is the 